{"id":20637,"date":"2025-03-16T18:25:16","date_gmt":"2025-03-16T17:25:16","guid":{"rendered":"https:\/\/www.monicamontella.it\/wordpress\/?page_id=20637"},"modified":"2025-12-20T10:27:39","modified_gmt":"2025-12-20T09:27:39","slug":"monitoraggio-pnrr","status":"publish","type":"page","link":"https:\/\/www.monicamontella.it\/wordpress\/monitoraggio-pnrr\/","title":{"rendered":"MONITORAGGIO PNRR"},"content":{"rendered":"\n<p><strong>Conferenza stampa (<span style=\"color: #ff0000;\"><a style=\"color: #ff0000;\" href=\"https:\/\/youtu.be\/M1__heaAfrU\">video<\/a><\/span>) di presentazione (Senato della Repubblica, Sala Nassirya, 2 marzo 2022) <span style=\"color: #ff0000;\"><a style=\"color: #ff0000;\" href=\"https:\/\/www.monicamontella.it\/wordpress\/wp-content\/uploads\/2022\/03\/MonitoraggioPNRR_presentazione-finale.pdf\">presentazione database per il monitoraggio<\/a><\/span><\/strong><\/p>\n<p><strong>Consulta il<\/strong> <span style=\"color: #0000ff;\"><strong><a style=\"color: #0000ff;\" href=\"https:\/\/www.monicamontella.it\/wordpress\/wp-content\/uploads\/2025\/09\/monitoraggio_Pnrr_2025ago_pubb.xlsx\">database <\/a>\u00a0<span style=\"color: #0000ff;\"><a style=\"color: #0000ff;\" href=\"https:\/\/youtu.be\/ZO5OAxMruFI?si=2srzpMZJQx8CWHE5\">ascolta tutorial 1 <\/a>\u00a0<a style=\"color: #0000ff;\" href=\"https:\/\/youtu.be\/GxKred5DWCA?si=-2tVUyXejDz3WWFt\">tutorial 2\u00a0<\/a><\/span><\/strong><\/span><\/p>\n<p>Il Piano Nazionale di Ripresa e Resilienza (PNRR) \u00e8 la grande occasione per rilanciare l\u2019Italia, ma i ritardi e le criticit\u00e0 ne stanno frenando l\u2019attuazione. <strong>\u201c<span style=\"color: #ff0000;\"><a href=\"https:\/\/www.monicamontella.it\/wordpress\/wp-content\/uploads\/2025\/03\/articolo-fatto-quotidiano-su-PNRR-rev3.pdf\"><span style=\"color: #ff0000;\">Ecco perch\u00e8 il PNRR ancora non decolla: tutti i ritardi<\/span><\/a><\/span>\u201d<\/strong> evidenzia come la mancanza di una piattaforma centralizzata pubblica renda difficile monitorare l\u2019avanzamento delle misure, verificare il rispetto degli obiettivi climatici e digitali e garantire l\u2019equit\u00e0 territoriale.<\/p>\n<p>Il <strong>Piano Nazionale di Ripresa e Resilienza (PNRR)<\/strong> \u00e8 strutturato in sei Missioni che combinano investimenti e riforme:<\/p>\n<ol>\n<li><strong>Digitalizzazione, innovazione, competitivit\u00e0 e cultura<\/strong><\/li>\n<li><strong>Rivoluzione verde e transizione ecologica<\/strong><\/li>\n<li><strong>Infrastrutture per una mobilit\u00e0 sostenibile<\/strong><\/li>\n<li><strong>Istruzione e ricerca<\/strong><\/li>\n<li><strong>Inclusione e coesione<\/strong><\/li>\n<li><strong>Salute<\/strong><\/li>\n<\/ol>\n<p>L&#8217;<strong>allocazione delle risorse<\/strong> segue precisi vincoli stabiliti dal Parlamento europeo:<\/p>\n<ul>\n<li><strong>37% per la mitigazione climatica<\/strong> (80,2 miliardi di euro)<\/li>\n<li><strong>20% per la transizione digitale<\/strong> (51,3 miliardi di euro)<\/li>\n<li><strong>40% delle spese territorializzabili per il Sud<\/strong>, in proporzione alla popolazione residente (34%)<\/li>\n<\/ul>\n<p>Tuttavia, l\u2019effettiva implementazione di queste misure incontra difficolt\u00e0: <strong>\u201c<span style=\"color: #ff0000;\"><a style=\"color: #ff0000;\" href=\"https:\/\/lavoce.info\/archives\/106976\/rischio-flop-per-il-pnrr-dellinfanzia\/\">Il rischio flop per il PNRR dell\u2019infanzia<\/a><\/span>\u201d<\/strong>, pubblicato su lavoce.info, evidenzia come alcuni settori siano particolarmente vulnerabili a questi ritardi.<\/p>\n<p><strong>Governance e attuazione<\/strong><\/p>\n<p>Il PNRR coinvolge numerosi attori istituzionali:<\/p>\n<ul>\n<li><strong>Cabina di regia<\/strong>: affidata alla Presidenza del Consiglio, supportata da una segreteria tecnica.<\/li>\n<li>\u00a0<\/li>\n<li><strong>Gestione centrale<\/strong>: il Ministero dell\u2019Economia e delle Finanze (MEF) coordina i rapporti con la Commissione Europea.<\/li>\n<li><strong>Responsabilit\u00e0 attuativa<\/strong>: suddivisa tra i Ministeri, ciascuno con una struttura dirigenziale dedicata.<\/li>\n<li><strong>Soggetti attuatori<\/strong>: Regioni, Enti Locali, organismi pubblici o privati.<\/li>\n<\/ul>\n<p>Per garantire la trasparenza, i finanziamenti vengono erogati in <strong>10 rate semestrali<\/strong>, subordinate al raggiungimento di traguardi e obiettivi misurabili. Tuttavia, le imprese si trovano spesso a essere gli <strong>unici beneficiari reali dei fondi<\/strong>, come evidenziato da <strong>\u201c<span style=\"color: #ff0000;\"><a style=\"color: #ff0000;\" href=\"https:\/\/lavoce.info\/archives\/104453\/come-si-cambia-il-pnrr-dopo-la-revisione\/\">Revisione del PNRR: le imprese uniche beneficiarie<\/a><\/span>\u201d<\/strong> pubblicato su lavoce.info.<\/p>\n<p><strong>Monitoraggio e rischi<\/strong><\/p>\n<p>Il sistema informativo <strong>ReGiS<\/strong>, pensato per garantire libero accesso ai dati, \u00e8 operativo, ma il monitoraggio dell\u2019attuazione resta frammentario e non aggiornato tempestivamente. <strong>\u201c<span style=\"color: #ff0000;\"><a style=\"color: #ff0000;\" href=\"https:\/\/lavoce.info\/archives\/102277\/per-pnrr-e-pnc-i-nodi-arrivano-al-pettine\/\">Per PNRR e PNC i nodi arrivano al pettine<\/a><\/span>\u201d<\/strong>, pubblicato sempre su lavoce.info, denuncia come molte criticit\u00e0 stiano emergendo solo ora, rendendo pi\u00f9 difficile il controllo su frodi, corruzione e infiltrazioni della criminalit\u00e0 organizzata.<\/p>\n<p>Anche il tema della <strong>spending review<\/strong> \u00e8 cruciale per evitare sprechi e inefficienze: <strong>\u201c<a href=\"https:\/\/lavoce.info\/archives\/102609\/nuovo-approccio-per-una-spending-review-efficace\/\"><span style=\"color: #ff0000;\">Nuovo approccio per una spending review efficace<\/span><\/a>\u201d<\/strong>, pubblicato su lavoce.info, sottolinea l\u2019importanza di <span style=\"color: #ff0000;\"><strong><a style=\"color: #ff0000;\" href=\"https:\/\/www.monicamontella.it\/wordpress\/wp-content\/uploads\/2024\/03\/Montella-Relazione-per-Comitato-scientifico-per-le-attivita-inerenti-alla-revisione-della-spesa.pdf\">rivedere le modalit\u00e0 di spesa e gestione dei fondi<\/a>. <\/strong><\/span>La relazione offre un contributo significativo alla discussione sulla revisione della spesa pubblica in Italia. L\u2019approccio dettagliato e basato su dati concreti fornisce strumenti utili per migliorare l&#8217;efficacia e l&#8217;efficienza della spesa pubblica, contribuendo cos\u00ec a una gestione pi\u00f9 responsabile delle risorse statali.<\/p>\n<p>Senza un sistema di monitoraggio trasparente e accessibile, il PNRR rischia di trasformarsi in un\u2019occasione mancata. Per evitare un fallimento, \u00e8 necessario un maggiore coordinamento tra gli enti coinvolti, un uso pi\u00f9 efficiente delle risorse pubbliche e una revisione delle strategie di attuazione. La modernizzazione del Paese passa dalla capacit\u00e0 di garantire <strong>trasparenza, efficienza e impatto concreto<\/strong> delle riforme e degli investimenti.<\/p>\n<p>L\u2019efficienza del PNRR dipender\u00e0 dalla capacit\u00e0 di <strong>superare questi ostacoli<\/strong>, garantendo trasparenza, rapidit\u00e0 nell\u2019attuazione e un efficace utilizzo delle risorse per modernizzare il Paese.<\/p>\n<p><strong>Articoli pubblicati su lavoce.info e il fatto quotidiano<\/strong><\/p>\n<ul>\n<li><span style=\"color: #0000ff;\"><strong>Pnrr tra ritardi e revisioni dove vanno i soldi<\/strong> <strong><span style=\"color: #ff0000;\"><a style=\"color: #ff0000;\" href=\"https:\/\/www.monicamontella.it\/wordpress\/wp-content\/uploads\/2025\/12\/AttuazionePnrr_14ott2025.pdf\">Dossier<\/a><\/span><\/strong><\/span> <strong>pubblicato sul<\/strong> <a href=\"https:\/\/www.monicamontella.it\/wordpress\/wp-content\/uploads\/2025\/12\/FQ_20251123_rs-1.pdf\"><strong><span style=\"color: #ff0000;\">Il Fatto\u00a0Quotidiano<\/span><\/strong><\/a><\/li>\n<li><strong><span style=\"color: #0000ff;\"><a style=\"color: #0000ff;\" href=\"https:\/\/www.monicamontella.it\/wordpress\/2025\/10\/09\/il-pnrr-nelle-regioni-al-voto-chi-spende-e-chi-no\/\">Il Pnrr nelle regioni al voto: chi spende e chi no<\/a> <\/span>su <a href=\"https:\/\/lavoce.info\/archives\/109059\/il-pnrr-nelle-regioni-al-voto-chi-spende-e-chi-no\/\"><span style=\"color: #ff0000;\">lavoce.info<\/span><\/a><\/strong><\/li>\n<li class=\"post-title\"><span style=\"color: #ff0000;\"><strong><a style=\"color: #ff0000;\" href=\"https:\/\/www.monicamontella.it\/wordpress\/2025\/09\/10\/entrate-extratributarie-una-risorsa-da-valorizzare\/\">Entrate extratributarie, una risorsa da valorizzare<\/a><\/strong><\/span>\u00a0 su <span style=\"color: #0000ff;\"><strong><a style=\"color: #0000ff;\" href=\"https:\/\/lavoce.info\/archives\/108622\/entrate-extratributarie-una-risorsa-da-valorizzare\/\">lavoce.info<\/a><\/strong><\/span><\/li>\n<li class=\"entry-title\"><span style=\"color: #0000ff;\"><strong><a style=\"color: #0000ff;\" href=\"https:\/\/www.monicamontella.it\/wordpress\/2025\/09\/07\/lattuazione-del-piano-nazionale-di-ripresa-e-resilienza-pnrr-procede-su-due-fronti-distinti\/\">L\u2019attuazione del Piano Nazionale di Ripresa e Resilienza (Pnrr) procede su due fronti distinti<\/a><\/strong><\/span> su <strong><span style=\"color: #ff0000;\"><a style=\"color: #ff0000;\" href=\"https:\/\/www.ilfattoquotidiano.it\/in-edicola\/articoli\/2025\/08\/24\/pnrr-sempre-piu-progetti-non-finiranno-in-tempo\/8102907\/?fbclid=IwY2xjawMZHL9leHRuA2FlbQIxMQBicmlkETBYcVZyNUdWTmFwSHdOOGk3AR421rLcy3VX0qY-CePwLR589J8CmDWbWXMAYBOFUGxKC0DSYnbPXN2aumbLfQ_aem_a7kyYKYY0l-IPiWSMA6thA\">il fatto quotidiano<\/a><\/span><\/strong><\/li>\n<li><strong><a href=\"https:\/\/lavoce.info\/archives\/107972\/attuazione-del-pnrr-regioni-ostacolo-o-protagoniste\/\"><span style=\"color: #0000ff;\">Attuazione del Pnrr: regioni ostacolo o protagoniste? su lavoce.info<\/span><\/a><\/strong><\/li>\n<li><strong><span style=\"color: #ff0000;\"><a style=\"color: #ff0000;\" href=\"https:\/\/lavoce.info\/archives\/107736\/crescono-i-crediti-di-imposta-di-transizione-4-0-ma-i-dubbi-restano\/\">Crescono i crediti di imposta 4.0. Ma i dubbi restano <\/a>su lavoce.info<\/span><\/strong><\/li>\n<li><span style=\"color: #000000;\"><strong><span style=\"color: #0000ff;\"><a style=\"color: #0000ff;\" href=\"https:\/\/www.monicamontella.it\/wordpress\/2025\/03\/24\/pnrr-il-conto-alla-rovescia-a-fine-2024-cosa-e-stato-fatto-e-cosa-resta-da-fare\/\">Ecco perch\u00e8 il PNRR ancora non decolla: tutti i ritardi<\/a><\/span> su <\/strong><\/span><a href=\"https:\/\/www.ilfattoquotidiano.it\/in-edicola\/articoli\/2025\/03\/16\/ecco-perche-il-pnrr-ancora-non-decolla-tutti-i-ritardi\/7915627\/\"><strong><span style=\"color: #ff0000;\">il fatto quotidiano<\/span><\/strong><\/a><\/li>\n<li><strong><a href=\"https:\/\/lavoce.info\/archives\/106976\/rischio-flop-per-il-pnrr-dellinfanzia\/\"><span style=\"color: #ff0000;\">Il rischio flop per il PNRR dell\u2019infanzia<\/span><\/a> <br \/><\/strong><\/li>\n<li><strong><a href=\"https:\/\/www.monicamontella.it\/wordpress\/2024\/06\/18\/revisione-del-pnrr-le-imprese-uniche-beneficiarie\/\"><span style=\"color: #ff0000;\">Revisione del Pnrr: le imprese uniche beneficiarie<\/span><\/a>\u00a0 su <a href=\"https:\/\/lavoce.info\/archives\/104453\/come-si-cambia-il-pnrr-dopo-la-revisione\/\"><span style=\"color: #ff0000;\">lavoce.info<\/span><\/a><span style=\"color: #ff0000;\"> <a style=\"color: #ff0000;\" href=\"https:\/\/lavoce.info\/archives\/104453\/come-si-cambia-il-pnrr-dopo-la-revisione\/\" rel=\"bookmark\">Come si cambia: il Pnrr dopo la revisione<\/a> <\/span><br \/><\/strong><\/li>\n<li><strong>Nuovo approccio per una spending review efficace su<\/strong> <span style=\"color: #ff0000;\"><strong><a style=\"color: #ff0000;\" href=\"https:\/\/lavoce.info\/archives\/102609\/nuovo-approccio-per-una-spending-review-efficace\/\">lavoce.info<\/a><\/strong><\/span><\/li>\n<li><strong>Per Pnrr e Pnc i nodi arrivano al pettine pubblicato su <a href=\"https:\/\/lavoce.info\/archives\/102277\/per-pnrr-e-pnc-i-nodi-arrivano-al-pettine\/\" target=\"_blank\" rel=\"noopener\"><span style=\"color: #ff0000;\">lavoce.info<\/span><\/a><\/strong><\/li>\n<li><strong>Un database casalingo per il monitoraggio del Pnrr leggi<\/strong> <strong><a href=\"https:\/\/www.monicamontella.it\/wordpress\/2022\/03\/03\/un-database-casalingo-per-il-monitoraggio-del-pnrr\/\"><span style=\"color: #ff0000;\">primo articolo<\/span><\/a><\/strong><\/li>\n<\/ul>\n<p><strong>Articoli Enti Locali<\/strong><\/p>\n<ul>\n<li><strong><a href=\"https:\/\/www.monicamontella.it\/wordpress\/2025\/04\/02\/pioggia-di-soldi-a-roma-cambiera-il-volto-della-citta\/\"><span style=\"color: #ff0000;\">Pioggia di soldi a Roma: cambier\u00e0 il volto della citt\u00e0?<\/span><\/a><\/strong><\/li>\n<li><span style=\"color: #ff0000;\"><strong><a style=\"color: #ff0000;\" href=\"https:\/\/www.monicamontella.it\/wordpress\/2025\/04\/02\/pnrr-santa-marinella-cambiera-il-volto-della-perla-del-tirreno\/\" rel=\"bookmark\">PNRR Santa Marinella: cambier\u00e0 il volto della Perla del Tirreno?<\/a><\/strong><\/span><\/li>\n<li><span style=\"color: #ff0000;\"><strong><a style=\"color: #ff0000;\" href=\"https:\/\/www.monicamontella.it\/wordpress\/2025\/04\/30\/napoli-e-pnrr-32-miliardi-di-euro-per-cambiare-volto-alla-citta\/\">Napoli e PNRR: 3,2 miliardi di euro per cambiare volto alla citt\u00e0<\/a><\/strong><\/span><\/li>\n<\/ul>\n<p><strong>Atti politici proposti su PNRR<\/strong><\/p>\n<ul>\n<li><a href=\"https:\/\/www.monicamontella.it\/wordpress\/wp-content\/uploads\/2021\/12\/prima-Interrogazione-riforma-giustizia-e-PNRR-uff.pdf\"><strong><span style=\"color: #ff0000;\">prima Interrogazione<\/span><\/strong><\/a><strong><span style=\"color: #ff0000;\"> <a style=\"color: #ff0000;\" href=\"https:\/\/www.monicamontella.it\/wordpress\/2021\/12\/15\/giustizia-e-pnrr\/\">PNRR Giustizia<\/a><\/span><\/strong><\/li>\n<li><span style=\"color: #ff0000;\"><strong><a style=\"color: #ff0000;\" href=\"https:\/\/www.monicamontella.it\/wordpress\/wp-content\/uploads\/2021\/12\/seconda-Interrogazione-riforma-giustizia-e-PNRR-uff.pdf\">seconda interrogazione<\/a><\/strong> <strong><a style=\"color: #ff0000;\" href=\"https:\/\/www.monicamontella.it\/wordpress\/2021\/12\/15\/giustizia-e-pnrr\/\">PNRR GIUSTIZIA<\/a><\/strong><\/span><\/li>\n<li><span style=\"color: #ff0000;\"><strong><a style=\"color: #ff0000;\" href=\"https:\/\/www.monicamontella.it\/wordpress\/wp-content\/uploads\/2021\/12\/terza-Interrogazione-riforma-giustizia-e-PNRR-uff.pdf\">terza interrogazione<\/a><\/strong> <strong><a style=\"color: #ff0000;\" href=\"https:\/\/www.monicamontella.it\/wordpress\/2021\/12\/15\/giustizia-e-pnrr\/\">PNRR GIUSTIZIA<\/a><\/strong><\/span><\/li>\n<li><span style=\"color: #ff0000;\"><strong><a style=\"color: #ff0000;\" href=\"https:\/\/www.monicamontella.it\/wordpress\/wp-content\/uploads\/2021\/12\/risoluzione-n-2-relazione-Cartabia-su-Giustizia.pdf\">Risoluzione n\u00b02<\/a> <a style=\"color: #ff0000;\" href=\"https:\/\/www.giustizia.it\/giustizia\/it\/mg_2_15_1.page#\">Relazione Cartabia<\/a><\/strong> e <strong><a style=\"color: #ff0000;\" href=\"https:\/\/www.monicamontella.it\/wordpress\/2021\/12\/15\/giustizia-e-pnrr\/\">PNRR Giustizia<\/a><\/strong><\/span><\/li>\n<li><strong><a href=\"https:\/\/www.monicamontella.it\/wordpress\/wp-content\/uploads\/2022\/07\/interrogazione-su-rispetto-quota-del-40-al-sud-del-PNRR.pdf\"><span style=\"color: #ff0000;\">Interrogazione<\/span><\/a><\/strong><span style=\"color: #ff0000;\"> <strong>rispetto quota del 40% al sud del PNRR<\/strong><\/span><\/li>\n<\/ul>\n\n\n\n\n\n\n\n\n\n\n\n\n\n\n\n\n","protected":false},"excerpt":{"rendered":"<p>Conferenza stampa (video) di presentazione (Senato della Repubblica, Sala Nassirya, 2 marzo 2022) presentazione database per il monitoraggio Consulta il database \u00a0ascolta tutorial 1 \u00a0tutorial 2\u00a0 Il Piano Nazionale di Ripresa e Resilienza (PNRR) \u00e8 la grande occasione per rilanciare l\u2019Italia, ma i ritardi e le criticit\u00e0 ne stanno frenando l\u2019attuazione. \u201cEcco perch\u00e8 il PNRR [&hellip;]<\/p>\n","protected":false},"author":2,"featured_media":0,"parent":0,"menu_order":0,"comment_status":"closed","ping_status":"closed","template":"","meta":{"footnotes":""},"class_list":["post-20637","page","type-page","status-publish","hentry"],"_links":{"self":[{"href":"https:\/\/www.monicamontella.it\/wordpress\/wp-json\/wp\/v2\/pages\/20637","targetHints":{"allow":["GET"]}}],"collection":[{"href":"https:\/\/www.monicamontella.it\/wordpress\/wp-json\/wp\/v2\/pages"}],"about":[{"href":"https:\/\/www.monicamontella.it\/wordpress\/wp-json\/wp\/v2\/types\/page"}],"author":[{"embeddable":true,"href":"https:\/\/www.monicamontella.it\/wordpress\/wp-json\/wp\/v2\/users\/2"}],"replies":[{"embeddable":true,"href":"https:\/\/www.monicamontella.it\/wordpress\/wp-json\/wp\/v2\/comments?post=20637"}],"version-history":[{"count":51,"href":"https:\/\/www.monicamontella.it\/wordpress\/wp-json\/wp\/v2\/pages\/20637\/revisions"}],"predecessor-version":[{"id":21214,"href":"https:\/\/www.monicamontella.it\/wordpress\/wp-json\/wp\/v2\/pages\/20637\/revisions\/21214"}],"wp:attachment":[{"href":"https:\/\/www.monicamontella.it\/wordpress\/wp-json\/wp\/v2\/media?parent=20637"}],"curies":[{"name":"wp","href":"https:\/\/api.w.org\/{rel}","templated":true}]}}